d by 0/2 + -6 + 38 + -5.
26
Let y = -398 - -419. Calculate the remainder when 36 is divided by y.
15
Let h = 52 + -18. Let q = 18 + -39. Let j = 39 + q. What is the remainder when h is divided by j?
16
Suppose 20*x - 192 = 8. Suppose -9*r + 76 = x*r. What is the remainder when 5 is divided by r?
1
Suppose w = 5 + 10. Let m = 115 + -96. Suppose -13*r + m + 332 = 0. What is the remainder when r is divided by w?
12
Let a(d) = d + 3. Let p be a(-4). Let t(k) = -14*k**3 + k**2 + k - 1. What is the remainder when t(p) is divided by 7?
6
Let g(h) = -2*h + 13. Let j = 92 - 45. What is the remainder when j is divided by g(3)?
5
Let t be (14/4)/(10/(-60)). Let v = -14 - t. Suppose -11 = -3*k + 25. What is the remainder when k is divided by v?
5
Suppose 5*j - 91 = 64. Calculate the remainder when j is divided by -6*3/(-1) - 2.
15
Let f be 5/(-5)*1*-12. Let v be (-15)/12*f/(-3). Suppose v*n - 9 = 46. What is the remainder when 21 is divided by n?
10
Let q(k) = 10*k - 7. Let m be q(5). Let w = -26 + m. Let u(c) = c**2 - 3*c + 9. What is the remainder when u(8) is divided by w?
15
Let i(k) = 2*k**3 - 15*k**2 + 11*k + 30. What is the remainder when 287 is divided by i(7)?
55
Let i(w) = w**3 + 4*w**2 - 2*w + 2. What is the remainder when 47 is divided by i(-4)?
7
Let c = -31 - -14. Let a = 37 - c. What is the remainder when a is divided by 8?
6
Let x = -1972 + 1992. Let j = -47 + 103. Calculate the remainder when j is divided by x.
16
Let a(f) = -f**3 + 18*f**2 - 48*f + 69. Calculate the remainder when a(12) is divided by 86.
13
What is the remainder when -2 - -156 - ((2 - 1) + -4) is divided by 53?
51
Let u(v) = 83*v**2 + v - 12. What is the remainder when u(3) is divided by 19?
16
Suppose 11*v = -0*v + 121. Calculate the remainder when v is divided by (-40)/(-6) + 2/(-3).
5
Let b(q) = q**3 + 7*q**2 - q - 3. Let f be 3/9*(1 + -22). What is the remainder when 14 is divided by b(f)?
2
Let d be 22/(-11) - (3 + -1 - -61). Let t = d + 114. What is the remainder when t is divided by 17?
15
Suppose 89 + 323 = 4*s. Suppose -2*v = 3*x - 91, -v - 7 = x - 39. What is the remainder when s is divided by x?
22
Let m = -215 + 301. What is the remainder when m is divided by 11?
9
Let p = -286 + 291. What is the remainder when p is divided by 2?
1
Let q(k) = 8*k - 37. Let i be q(4). Calculate the remainder when 54 is divided by ((-5)/3)/((3 + i)/6).
4
Let z = 83 - 156. Let a = 84 + z. Calculate the remainder when 97 is divided by a.
9
Let r be ((-96)/(-28) - 3) + 12/(-28). What is the remainder when 182 is divided by (r - 37)*(-2 + (0 - -1))?
34
Let d = -27 - -55. Let o = 38 - d. Calculate the remainder when 14 is divided by o.
4
Let q = -5 - 3. Let f(c) = -5*c + 2. Suppose m - 2*r - 2 = 5, 4*m + 5*r - 54 = 0. What is the remainder when f(q) is divided by m?
9
What is the remainder when 442/10 - (-5)/(-25) is divided by ((-46)/(-6))/(1/3)?
21
Let r(h) = -h**3 - 3*h**2 + 37*h - 29. Calculate the remainder when r(-9) is divided by 112.
12
Let m = -1444 - -1471. Suppose -2*h + 323 = 2*h + l, -h + 77 = -l. What is the remainder when h is divided by m?
26
Suppose -58*v = -4*v - 1134. What is the remainder when 503 is divided by v?
20
Let y(r) = -3*r**3 + 46*r**2 - 18*r + 53. What is the remainder when 1678 is divided by y(15)?
6
Let o = -36 + 56. Let q = -5 + 17. What is the remainder when o is divided by q?
8
Suppose 2*k + 0*n = -2*n + 110, 0 = 4*k - n - 205. Calculate the remainder when k is divided by 28 + (-2 + -1 - -3).
24
What is the remainder when (1617/30 + (-6)/15)*2 is divided by 23?
15
Suppose -110 = 5*y + 250. Let z = 165 - 152. What is the remainder when 4 + -2 + y/(-2) is divided by z?
12
Suppose 3*f = 3*x - 57, -5*x + 3*f - 69 = -9*x. Suppose b - 217 = -3*c, 6*c = 3*c + 3*b + 201. What is the remainder when c is divided by x?
17
Suppose 4*w = 4*j - 7*j - 16, -20 = 5*j. Calculate the remainder when 171 is divided by (63 - 17) + (4 - 1)*w.
42
Suppose -70*k + 315 = -61*k. Calculate the remainder when 135 is divided by k.
30
Let v(l) = -93*l + 65. Let t(r) = -31*r + 21. Let b(o) = 8*t(o) - 3*v(o). Calculate the remainder when b(8) is divided by 32.
29
Suppose 636 = 101*v - 48*v. What is the remainder when 173 is divided by v?
5
Let m(v) = v**2 - v + 29. Let g be m(0). Suppose 3*f + 34 = f. Let d = g + f. Calculate the remainder when 21 is divided by d.
9
Suppose -8*a + 5 = -7*a. Suppose a*i + 111 = 6*i. Suppose 4*r - 111 = -5*w, -5*w - 28 + i = -3*r. Calculate the remainder when 93 is divided by w.
17
Suppose -3*v - 40 = -8*v. Let p be 0/(-3) - 2*2. Let z = p + 9. Calculate the remainder when v is divided by z.
3
Let i = -182 - -191. Let n(r) = -4*r - 5. Let z be n(-5). Suppose -z = -f + 5*k, 2*k = -2*f - 0*k + 54. Calculate the remainder when f is divided by i.
7
Suppose 4*q - 135 = 25. What is the remainder when 77 is divided by q?
37
Let t(r) = -7*r + 5. Let a be t(2). Let i(j) = -2*j - 4. Let w be i(a). Suppose 3*d + 12 = u, -3*d - 2 = -w. What is the remainder when 47 is divided by u?
23
Let h(n) = -3*n - 2. Let o be h(-2). Let f(x) = x**2 - 6*x + 4. Calculate the remainder when (16/o)/4 + 59 is divided by f(9).
29
Suppose -2*j + 310 = 3*j. Let i = -68 + 31. Let b = i + j. What is the remainder when b is divided by 13?
12
Let x(p) = 13*p**2 - 7*p + 8. What is the remainder when 50 is divided by x(1)?
8
Let d = -117 - -296. Suppose -4*z - 23 = -d. Calculate the remainder when z is divided by 8.
7
Suppose -2*h = 5*f + 13, -f + 5*h + 15 = 4*f. Let u(o) = 33*o**2 + 10*o + 9. Calculate the remainder when 112 is divided by u(f).
16
Suppose 1203 = 4*w - 5*a - 1147, -w = -3*a - 584. What is the remainder when w is divided by 50?
40
Let z = 73 + -67. What is the remainder when 441 is divided by z?
3
Suppose -3*l + 23 = -43. Let z = l - 12. Suppose 266 = 27*w - 13*w. What is the remainder when w is divided by z?
9
Suppose -3*g + 4*w + 13 = -18, g - 4*w - 21 = 0. Suppose 0 = g*b - 8*b + 72. Suppose -3 = -d + b. What is the remainder when 80 is divided by d?
26
Let b be ((-2)/4)/((-6)/(-336)). Let i = 70 - 27. Let c = i + b. Calculate the remainder when 59 is divided by c.
14
Suppose 10*i = 61 - 11. What is the remainder when 27 is divided by i?
2
Let p = -1 - -22. Calculate the remainder when 1/9 - 45/(-243)*561 is divided by p.
20
Suppose 8*z - 204 = 4*z. What is the remainder when 152 is divided by z?
50
Let k = 337 + 112. Calculate the remainder when k is divided by 9.
8
Let v = 1643 - 1602. Calculate the remainder when 121 is divided by v.
39
Let r = -328 + 745. What is the remainder when r is divided by 14?
11
Let p(s) = 68*s**2 - s + 1. Let u be p(1). Calculate the remainder when u/1 + -2 + 1 is divided by 18.
13
Suppose 5*v - 7 = -2*d, 0 = -4*d + d - 2*v + 16. Suppose -3*g + 51 = 3*x - 0*x, 0 = -x - 3*g + 7. Calculate the remainder when x is divided by d.
4
Let p(l) = 3*l - 33*l**3 + 14*l**2 - l + 31*l**3 - 3. What is the remainder when 54 is divided by p(7)?
10
Let d = -10 - -11. Let j(b) = 0*b**2 + 6*b - 7*b**2 - b**3 - 2 - d - 3. Calculate the remainder when j(-8) is divided by 4.
2
Suppose -23*b + 2*n = -26*b + 59, -b - n = -20. Calculate the remainder when 56 is divided by b.
18
Let y be (-3 + 2)*3 - -1. Let o(w) = 3*w - 25. Calculate the remainder when o(12) is divided by y/(3 - 33/9).
2
Let t(o) = o**2 + 20*o + 10. Calculate the remainder when 17 is divided by t(-20).
7
Suppose -4*s - 80 = 5*y, -28 = s - y + 1. Let z = s - -38. What is the remainder when 23 is divided by z?
10
Let r(g) = 3*g + 24. Let d be r(-7). Suppose 0 = -2*w + 8, -8*s + 3*s - d*w + 77 = 0. What is the remainder when 22 is divided by s?
9
Suppose -h = 5*h + 30. What is the remainder when -3 + 15 + (-5)/h is divided by 5?
3
Suppose 3 = 2*m - 1. Suppose 3*a - 5 = -0*f - f, 2*f + m*a = -6. Let l = f + 12. Calculate the remainder when l is divided by 3.
2
Suppose -3*f = 57 - 201. Suppose 5*d + x - f = -x, 4*x - 48 = -4*d. What is the remainder when 39 is divided by d?
7
Let o = 14 - 9. Suppose u - o = 8. What is the remainder when 20 is divided by u?
7
Let a = -419 - -458. What is the remainder when 128 is divided by a?
11
Let v(r) = 5*r**2 - 30*r + 4. Suppose 0 = -3*h - 2*h + 70. What is the remainder when v(7) is divided by h?
11
Let c = -126 + 138. Suppose -2*j + 18 = -28. What is the r